= 2039, 0*m = -2*m - 4*y + 824. Suppose 2*w + 53 = -2*l - 155, -4*w = -l + m. Let j = 154 + w. What is the tens digit of j?
5
Suppose -9735 = 37*m - 34*m - 31854. What is the units digit of m?
3
Let g = 734 - 430. Suppose 12*f - 9*f = -4*p + 1161, p = 2*f + g. What is the units digit of p?
4
Suppose 2*c + 4 = u - 6*u, -4*u = -4*c - 8. Let t(n) = 88*n**2 - 16*n - 28. What is the tens digit of t(c)?
5
Let t(k) = k**3 - k**2 - 7*k + 2. Let h be t(4). Let i = 87 + h. Let r = 187 - i. What is the units digit of r?
8
Let o be ((-378)/(-45))/((-1)/(-300)). Suppose 37*h - o = 35*h. What is the thousands digit of h?
1
Suppose 0 = 2*u - 2 - 26. Suppose 8*h - 2 = u. Suppose -188 = -h*l - 2*l - 3*i, 5*i = 0. What is the units digit of l?
7
Let r(w) be the second derivative of w**4/12 + 11*w**3/6 + 63*w**2/2 + 2*w - 14. What is the hundreds digit of r(12)?
3
Let z(v) = v**3 - 8*v**2 - 9*v - 5. Let q be z(9). Let s be ((-89)/q + -2)*5*1. Suppose -4*a - s = -395. What is the tens digit of a?
7
What is the units digit of (4100124/(-147))/(2/(-5))?
0
Suppose n + 15698 = g, g + 4*n - 47136 = -2*g. What is the ten thousands digit of g?
1
Let z = -16 - -26. Suppose 0 = 3*a - a - z. Suppose -a - 31 = -4*s. What is the units digit of s?
9
Let y(z) = 973*z**2 - 32*z + 136. What is the thousands digit of y(3)?
8
Let l(i) be the third derivative of 53*i**4/12 - 2*i**3/3 - 34*i**2 - 1. What is the units digit of l(7)?
8
Let a(n) = 4*n**2 - 21*n + 8. Let o be a(5). Suppose -5*h + 3535 = 4*x - 3095, -3*x = o*h - 3978. What is the thousands digit of h?
1
What is the hundreds digit of (-3 - 3)/(((-149985)/(-10002))/5 + -3)?
6
Let u = -113 - -113. Suppose 2*c - 5*r - 159 = 6*c, 2*c + 4*r + 72 = u. Let x = 82 - c. What is the hundreds digit of x?
1
Let f(b) be the first derivative of b**4/4 + 14*b**3/3 + 8*b**2 + 19*b - 95. What is the tens digit of f(-5)?
6
Suppose -669 = 12*g + 255. Let c(b) = 24*b - 5. Let a be c(6). Let m = g + a. What is the tens digit of m?
6
Let c(l) = -8*l**3 + 5*l**2 - 5*l + 3. Let u be c(3). Let w(h) = 158*h - 1075. Let x be w(6). Let g = x - u. What is the units digit of g?
6
Let t = -53471 - -78723. What is the thousands digit of t?
5
Let a(i) = -27 + 45 + 3*i - 17 - 19. What is the units digit of a(8)?
6
Suppose -g - 971 = -6*g - c, 195 = g + c. Suppose 2*v - 92 = g. What is the units digit of v?
3
Let v = -39 + 75. Suppose -2*m + 3*k - 4 + 13 = 0, 3*m + 3*k - v = 0. What is the units digit of ((-30)/5 + m)*(-13)/(-3)?
3
Let g(b) = 3*b**2 - 18*b + 7. Suppose 52 + 47 = 9*z. Let s be g(z). Let v = s + -71. What is the tens digit of v?
0
Suppose 4*m = -3*b + 2*m + 15, 2*b + 5*m - 10 = 0. Suppose 21 + 79 = b*l. What is the units digit of -2*((-8)/40 - 806/l)?
1
Suppose -1344*d + 14196 = s - 1339*d, 3*d = 2*s - 28340. What is the tens digit of s?
7
Let t(c) = 60 - 35 - 21*c - 34 - c**2. Suppose -o = 2*s + 27, -64 = 7*o - 3*o - 3*s. What is the tens digit of t(o)?
2
Let z(i) = 2*i**2 + 18*i + 30. Let r be z(-7). What is the hundreds digit of ((-988)/(-8))/(0 - (-1)/r)?
2
Let b(o) = 215*o**2 - 108*o + 52. What is the thousands digit of b(7)?
9
Let b be (-7)/7 - (-11 - 1*-2). Let o be -5 - ((-20)/b + (-3)/6). Let p(a) = 12*a**2 + 3*a - 2. What is the tens digit of p(o)?
4
Let n(f) = 47*f**2 + 10*f. Let w be n(-2). Suppose -w = -o + 3*z, -12*o = -9*o + z - 504. What is the tens digit of o?
6
Suppose -1249*s = -1351*s - 654212 + 1799672. What is the thousands digit of s?
1
Let p = -23 - -62. Let j = p - 51. What is the units digit of 9 - -6*(-8)/j?
3
Suppose -4*q - 8 + 0 = 0, -5*b + q = -22. Suppose z + 5*j - b = -21, -j - 61 = 5*z. What is the units digit of z/(-5)*(17/3 + 1)?
6
Suppose 0 = 5*d + w - 92563, 18744 = d + 5*w + 241. What is the units digit of d?
3
Suppose -4*v + 21109 = 5*h, 3*v + 31*h - 35*h = 15793. What is the hundreds digit of v?
2
Let y(w) = -w**3 + 12*w**2 - w + 12. Let t be y(12). Let p be 1/(t + 2 + (-45)/25). Suppose q - 11 = -5*a + 10, p*q + 5*a = 165. What is the units digit of q?
6
Suppose -4*w + 0*k = -5*k - 5073, -15 = -5*k. Suppose x + w = 4*r, -8*r + 9*r = 2*x + 311. What is the tens digit of r?
1
Let o(g) = -2261*g - 313. What is the thousands digit of o(-8)?
7
What is the thousands digit of (39360/200)/((-3)/(-30))?
1
Suppose 0 = -4*d + 5 - 41. Let x be (9/3 + 30)*(-6)/d. Let m = x - -79. What is the tens digit of m?
0
Let i = 816 - -10200. What is the ten thousands digit of i?
1
Let m(j) = 4*j + 39. Let r be m(-9). Suppose 2*s - r*v = -496, 0*s + 2*v + 976 = -4*s. Let l = s + 451. What is the hundreds digit of l?
2
Suppose 8*g - 6*g = 3*s + 18658, 46652 = 5*g - 4*s. What is the thousands digit of g?
9
Let x = -35339 + 73928. What is the tens digit of x?
8
Suppose 2*u = -11*u + 47385. Suppose u = 77*w - 68*w. What is the units digit of w?
5
Let g be (-2 + 0)/(8 + 45/(-5)). What is the units digit of -6 - 192*(0 - g)?
8
Let d = 3098 + -225. Suppose 12*t - d = 1387. What is the tens digit of t?
5
Suppose 65518 = 83*l - 179664. What is the thousands digit of l?
2
Let t(u) = -2*u**2 - 25*u + 36. Let l be t(-14). What is the tens digit of 46 - l/((-30)/(-25))?
5
Suppose 0 = 4*b - 5*x - 94370, -270*b + 276*b - 141538 = -x. What is the hundreds digit of b?
5
Let u be 13/(-2) - 1/(-2). Suppose 617 = 28*o + 24*o - 371. Let v = o + u. What is the tens digit of v?
1
Let c be (44/(-5) - -4)/((-6)/20). Suppose -c*h + 299 = -485. What is the units digit of h?
9
Suppose 8*q - 258 = -666. Let i = -51 - q. Suppose 5*z + 337 = 3*w, w + 3*z = -i*w + 103. What is the hundreds digit of w?
1
Suppose 5*k - 36 = -4*m + 2*k, 0 = -3*k. Suppose -m*w + 13*w = 4. What is the units digit of (9/(-27))/((-2)/342)*w?
7
What is the units digit of ((-15)/(-40) - 38/16) + (8485 - -7)?
0
Let l = 169 - 112. Let g = l - -149. Suppose -58*u + g = -56*u. What is the units digit of u?
3
What is the tens digit of ((-167909)/(-249))/((-932)/312 + 3)?
9
Let r = 3680 + -2163. What is the hundreds digit of r?
5
Let b(z) be the third derivative of z**6/120 - z**5/15 - z**4/8 - 7*z**3/6 - 17*z**2. Let x be b(5). What is the hundreds digit of (8/10 - x/(-15)) + 130?
1
Suppose 0 = d + a - 6748, 3*d = 5*d - 5*a - 13510. What is the units digit of d?
0
Let o(s) = -2*s**3 - 29*s**2 - 8*s - 18. Let c be o(-17). Suppose 327 = 7*g - c. What is the tens digit of g?
7
Let w(h) be the third derivative of h**5/60 + h**4/6 - 38*h**3/3 + 6*h**2 - 4. What is the units digit of w(-17)?
5
Let b = 24930 - -207. What is the units digit of b?
7
Suppose 2 + 0 = -2*c, -c = -2*v + 697. Suppose -3*a - v = 528. What is the units digit of a/10*1/(4/(-10))?
3
Let m = -61 - -7. Suppose -4*i = 4*h - 380, 0 = -h - 9*i + 7*i + 91. Let b = h + m. What is the units digit of b?
5
Let g be (-125)/100 + (-13)/(-4). What is the hundreds digit of (-2 - -636)/g + (-6)/2?
3
Suppose 0 = -2*n - 5*w - 14, 4*w + 6 = -2*n + w. Suppose -2*s - n*s + 4*l = -953, -2 = l. What is the tens digit of s?
8
Suppose 2*p + 8*c - 72 = 3*c, 2*c = 8. Suppose p*r - 313 = 51. What is the tens digit of r?
1
Let p = 4842 + -413. What is the tens digit of p?
2
Let g = 48858 + -14159. What is the ten thousands digit of g?
3
What is the thousands digit of (-260910)/(-520)*40/3?
6
Let j(q) = q**3 - 9*q**2 + 9*q + 20. Let k(z) = -z + 12. Suppose -3*h + 4*v + 11 = -10, -15 = 5*v. Let a be k(h). What is the tens digit of j(a)?
0
Let p(a) = 17*a**3 - a**2 - 15*a + 7. Let l be p(4). Let z = -324 + l. What is the units digit of z?
5
Suppose -4*u + 117*i = 119*i - 151488, -3*u - 3*i = -113616. What is the thousands digit of u?
7
Suppose 3*s + 317 + 358 = 0. Let l = 481 + s. Suppose -3*z = -l + 25. What is the tens digit of z?
7
Let b(j) = -745*j + 50. Let x be b(-4). What is the units digit of x/25*-15*(-8)/36?
4
Let f(s) = s + 5. Let v(k) = -2*k - 10. Let j(o) = 5*f(o) + 3*v(o). Let n be j(-3). What is the tens digit of 297/(-6)*(0 + n)?
9
Let t(n) = 38*n**3 + 13*n**2 + 50*n - 428. What is the tens digit of t(9)?
7
Let i be 1*-3 - 8/2. Let g(l) = -l**3 - 4*l**2 + l - 16. Let p be g(i). Suppose -3*j + 7*j = p. What is the units digit of j?
1
Suppose -2*v + 0*v = -4*i - 22, 2*v - 3*i - 18 = 0. Let l be v*(4/(-3))/4. What is the tens digit of (0 + -86)*(-2 - l)?
8
Let u be 6*3/(-2)*(-2)/6. Suppose u*g + 3*g - 48 = 0. What is the tens digit o